 factors of d?
2, 3
List the prime factors of (-19)/57 + (-34)/(-66) - (-3565965)/143.
11, 2267
Let z = 16207 - 9803. What are the prime factors of z?
2, 1601
Suppose 81 = 3*q - 81. Let s = q - 50. Suppose 4*r + 5*a = 55, 3*r - s*a - 24 = -2*a. List the prime factors of r.
2, 5
Suppose 567908 = 65*f - 588572. What are the prime factors of f?
2, 139
Let j(t) = -2*t - 9. Let d be j(-6). Suppose -3*z = w - 280, 2*z - w + 92 = d*z. Let b = z - 0. List the prime factors of b.
2, 47
Suppose s - 5 + 0 = 0. Suppose -5*k - 1 = q, -2*q - s*k = q - 7. Suppose -q*z + 0*z + 716 = -2*h, -4*h + 348 = 2*z. What are the prime factors of z?
2, 89
Let n = -619 + 983. Suppose 64 = 2*c - c. Suppose -n = -4*u + c. List the prime factors of u.
107
Suppose -2*t + 4*t - 4496 = 3*p, 2980 = -2*p - 3*t. Let q = p - -2282. List the prime factors of q.
2, 3, 131
Let l = -734 - -6367. What are the prime factors of l?
43, 131
Let c = -49 + -9. Let a = c - -90. Suppose -2*h + 56 = -a. What are the prime factors of h?
2, 11
Suppose -5*s = 10*q - 296395, -12*s - q = -17*s + 296406. List the prime factors of s.
59281
Let i = -2 + 6. Suppose -9*j + i*j + 2000 = 0. Suppose -2*a + j = 2*a. List the prime factors of a.
2, 5
Let r be -4 + 12*(-4)/(-8). Let p(x) = 23*x**3 - 3*x**2 - 4*x + 4. What are the prime factors of p(r)?
2, 3, 7
Suppose 0 = -213*o + 2391112 + 383889 + 3837797. List the prime factors of o.
2, 19, 43
Suppose -2*t + 16 = 4*n - 3*t, n + 3*t - 17 = 0. Suppose 3*d = -n*b + 565, -4*b + 5*d - 15 = -467. Let u = -17 + b. What are the prime factors of u?
2, 3
Let g = -18214 + 39981. What are the prime factors of g?
21767
Let s = 4003 - 966. What are the prime factors of s?
3037
Let j = 1854 + 4910. List the prime factors of j.
2, 19, 89
Suppose 0 = 2*w - 3*u + 156, 3*w + 0*u + 231 = 3*u. Let z = 75 + w. Suppose z = -13*x + 11*x + 330. What are the prime factors of x?
3, 5, 11
Suppose -4904 - 2176 = 24*a. What are the prime factors of 12754/4*(a/35 + 9)?
2, 911
Let p(f) = -f**3 - 5*f**2 + 34*f + 12. Let d(x) = x**3 + 4*x**2 - 34*x - 10. Let r(a) = -7*d(a) - 6*p(a). What are the prime factors of r(-12)?
2, 11, 73
Let t(b) = b + 14. Let u(f) = -2*f**3 + 3*f**2 - 6*f + 5. Let o be u(2). Let y be t(o). Suppose 0*k = k - y. What are the prime factors of k?
3
Let n = -338 - -709. Let h(p) = 3*p + 71. Let f be h(-22). Suppose -k + 86 = -t, -2*k - n = -6*k - f*t. What are the prime factors of k?
89
Suppose 2*i + 3*i - 3430 = 0. Suppose 0 = p - 5*n - 188, 2*n - 4*n + i = 4*p. List the prime factors of p.
173
Suppose -7*d + 3*d + 4*c + 1604 = 0, -4*d - 3*c = -1618. Let t = d + -392. What are the prime factors of t?
11
Suppose 0 = 87*v - 83*v + 8. What are the prime factors of (135 - -2) + v/3*3?
3, 5
Let j = 16155 - -16684. List the prime factors of j.
32839
Let m = -24164 + 39057. What are the prime factors of m?
53, 281
List the prime factors of ((-3)/2)/(-8*(-78)/(-14726816)).
35401
Let l(y) = 3*y**3 - 11*y**3 + 13*y**3 - 10*y**2 + 2*y**2 - 15 + 6*y. List the prime factors of l(5).
2, 5, 11
Let j be (-2)/(-6) - 10872/(-108). Suppose j + 5035 = 12*r. List the prime factors of r.
2, 107
Let w(j) = 29*j + 20. Suppose -3*n - 5*d = -51, 3*n + 2*d = -2*d + 48. What are the prime factors of w(n)?
2, 23
Suppose 103*v - 109089 = 24*v + 68977. List the prime factors of v.
2, 7, 23
List the prime factors of (291 + -13)*(-1132)/(-8).
139, 283
Suppose -25 = -2*y + 81. Let l = y - 51. Suppose -5*g + 366 = -l*n, 2*g + 2*n = -3*n + 158. List the prime factors of g.
2, 37
Suppose -7*a = -9 + 30. Let b be (19 + a)*-2*(-3)/12. Suppose 0 = b*o - 6*o - 226. What are the prime factors of o?
113
Let u be (-8)/((-360)/81)*10/6. Suppose 9*i - 11*i - 5*n = -1167, 1159 = 2*i - u*n. List the prime factors of i.
7, 83
Let t be ((-16)/(-8))/(1 + -2 + 2). Suppose -6*x = -5*x - 2*f - 564, 2*x - 1146 = -t*f. List the prime factors of x.
2, 3, 5, 19
Suppose 0 = 20*z + 11*z - 372. What are the prime factors of 1398/(-2)*(-16)/z?
2, 233
List the prime factors of 31*(-12)/8*(-101840)/60.
2, 19, 31, 67
Suppose -19*n - 823794 = 11*n - 2893734. List the prime factors of n.
2, 34499
Let o(y) = -80*y - 1218. List the prime factors of o(-23).
2, 311
Suppose 0 = -2*w + 4*s + 35488, 248*w - 247*w + 3*s = 17704. List the prime factors of w.
2, 277
Suppose -48*r + 33*r + 6525 = 0. Let b = -276 + r. List the prime factors of b.
3, 53
Suppose 0 = 5*b + 2*o - 8814, 5*b - 272 = -4*o + 8546. List the prime factors of b.
2, 881
Let a = -72 + 73. Let y be 1 + (-6)/(a + 2). Let u(v) = -142*v**3 + 2*v**2 + v. List the prime factors of u(y).
11, 13
Let t(z) = z**2 - 11*z + 1. Let j be t(13). What are the prime factors of (-1 + 1 + -1)/(j/(-23436))?
2, 7, 31
List the prime factors of (39 - 39) + -1 + (-1 - -10916).
2, 3, 17, 107
Let f = 21 - -3. Suppose 0 = -0*q - f*q + 11088. List the prime factors of q.
2, 3, 7, 11
Let v(g) = 7*g + 16*g**2 + 4*g - 10*g**2 - 25. What are the prime factors of v(5)?
2, 3, 5
Let h(x) = 92*x + 7. Let k(o) = 3*o**2 + 5*o + 6. Let p be k(-2). Suppose 9*a + p = 26. List the prime factors of h(a).
191
Suppose 72 = 30*i - 34*i. Let j be -6*2/8 + i/(-4). Suppose j*b - 401 + 65 = 0. What are the prime factors of b?
2, 7
Let n(d) = 94*d - 47. Let m be (14/3 + -5)*(-15 - 3). What are the prime factors of n(m)?
11, 47
Suppose -2 + 1 = m. List the prime factors of (9776/130)/(m/(-5)).
2, 47
Let r(p) = p**2 - 6*p + 10. Let z be r(5). Suppose 5*t = -z*y + 475, -t = 3*y - 0*t - 283. Suppose -5*k + y + 316 = 0. What are the prime factors of k?
2, 41
Suppose -11 = 45*o - 44*o + 43. Let m(c) = -13*c - 6. Let q be m(-7). Let d = q + o. What are the prime factors of d?
31
Suppose 4*j = -20, -4*y - 104*j = -106*j - 90574. List the prime factors of y.
3, 7547
Let a be (1 + -17 + 20)/((-2)/(-1383)). Suppose c = 3*m - 2*c - a, 4*m - 3689 = 3*c. List the prime factors of m.
13, 71
Let r = -401 - -403. Suppose -976 = -r*l + 2*z, -l + z + 3*z + 503 = 0. What are the prime factors of l?
3, 7, 23
Suppose -4*t = 50 - 370. Suppose 88*b - t*b - 8424 = 0. List the prime factors of b.
3, 13
Suppose 2*w - 11*w + 18 = 0. What are the prime factors of (-27)/(162/(-10308))*1/w?
859
What are the prime factors of (-23177 + -1)/(-634 - -632)?
3, 3863
Suppose -121*t + 426270 = -56*t. What are the prime factors of t?
2, 3, 1093
Suppose 0 = -231*h + 234*h - 60. Suppose 0 = 4*c - h, 5*z + 2*c - 1330 = -2*c. List the prime factors of z.
2, 131
What are the prime factors of (-1 - 211/2)*(122/(-3) - 0)?
61, 71
Let n(y) = 9*y**2 - 1. Let r = 39 + -38. Let v be n(r). Suppose -5*a + 150 = -4*w, -120 = -4*a - 5*w + v*w. List the prime factors of a.
2, 3, 5
Let a(u) = -6*u**3 - 10*u - 14. Let c be a(-4). Suppose -c*v + 168 = -407*v. What are the prime factors of v?
2, 7
Let w(s) = 15*s - 83. Let o be w(6). Suppose o*d = 8*d - 533. List the prime factors of d.
13, 41
Let q = 401 - 582. Let g = 73 + q. List the prime factors of (-2 - -1)*(-5 + g).
113
Suppose -4*v - 42 = 2*o - 7*o, -4*o = -3*v - 33. Suppose 235 = a + 2*w - o, -3*a = 3*w - 711. What are the prime factors of a?
233
Suppose 57 = 4*r - 3*x - 130, -4*x = 4*r - 152. Let g = 45 - r. Let y = g + 9. List the prime factors of y.
11
Suppose 3*p = -5*s + 44955, 4*s + 31*p - 35964 = 35*p. List the prime factors of s.
3, 37
Let v be (1 - 2)*(0 + -1). Let n(u) = 27*u**2 - 880*u + 0 + 1761*u + 2 - 884*u. List the prime factors of n(v).
2, 13
Suppose 0 = -t - 0*t. Suppose -3*y - 44 = -56, t = -3*k - 4*y + 3619. List the prime factors of k.
1201
Let i = -919 + 474. Let k be ((-32)/40)/(446/i + 1). Suppose -k = -3*x - 47. What are the prime factors of x?
103
What are the prime factors of (-702 - 107)/(1/(-29))?
29, 809
Let d = -263 - -76. Let q = d - -198. What are the prime factors of q?
11
Let y(h) = -4045*h + 282. What are the prime factors of y(-6)?
2, 3, 11, 31
Let n(y) = -y**3 + 11*y**2 + y - 8. Let r be n(11). Let f(a) = 0*a**2 + 3*a**2 - r*a**2 - 2*a**2 + 28*a. List the prime factors of f(13).
2, 13
List the prime factors of 2008175/130 - 5/2.
5, 3089
Suppose 0 = -2*m - 5*p + 51 - 6, 2*p = m - 18. Let u(j) = 43*j - 50. Let q be u(m). Suppose -q = -4*d - 6*d. List the prime factors of d.
3
Let b be 3 - (-10 - (2 - -2)) - -3. Suppose 0 = b*t + 60 - 2720. What are the prime factors of t?
7, 19
Suppose